197?
47, 59, 12889
List the prime factors of 1499902913.
35129, 42697
What are the prime factors of 36628686?
2, 3, 226103
List the prime factors of 1465841439.
3, 17, 271, 35353
What are the prime factors of 517982751?
3, 11, 13, 31, 12983
List the prime factors of 31168756.
2, 59, 132071
List the prime factors of 98266386.
2, 3, 16377731
List the prime factors of 73652898.
2, 3, 11, 1021, 1093
What are the prime factors of 47129231?
23, 37, 55381
List the prime factors of 2208859554.
2, 3, 11, 19, 31, 56821
What are the prime factors of 237255212?
2, 23, 2578861
List the prime factors of 32000231.
229, 139739
List the prime factors of 417358634.
2, 7, 11, 821, 3301
What are the prime factors of 16085006?
2, 7, 193, 5953
What are the prime factors of 3046538170?
2, 5, 13, 97, 241597
List the prime factors of 1481536378.
2, 7, 131, 807817
What are the prime factors of 28477327?
149, 191123
List the prime factors of 17919579.
3, 2131, 2803
What are the prime factors of 744835288?
2, 53, 1756687
List the prime factors of 61844570.
2, 5, 6184457
What are the prime factors of 1195718050?
2, 5, 31, 771431
List the prime factors of 1884677430.
2, 3, 5, 62822581
What are the prime factors of 610392610?
2, 5, 2657, 22973
List the prime factors of 194698653.
3, 1231, 52721
List the prime factors of 470553287.
491, 958357
What are the prime factors of 3115121972?
2, 19, 1723, 23789
List the prime factors of 93149990.
2, 5, 9314999
List the prime factors of 324177083.
10789, 30047
List the prime factors of 303734060.
2, 5, 7, 2169529
List the prime factors of 3558559020.
2, 3, 5, 19, 3121543
List the prime factors of 1776831958.
2, 11, 941, 85829
List the prime factors of 276646406.
2, 17, 478627
List the prime factors of 278023655.
5, 7, 13, 23, 31, 857
What are the prime factors of 57194700?
2, 3, 5, 190649
List the prime factors of 214740668.
2, 17, 1427, 2213
List the prime factors of 60720256.
2, 37, 12821
List the prime factors of 455782181.
31, 14702651
What are the prime factors of 7743518?
2, 3871759
List the prime factors of 73606480.
2, 5, 41, 22441
What are the prime factors of 376707799?
13, 1381, 20983
What are the prime factors of 2318625435?
3, 5, 7, 97, 227651
What are the prime factors of 250602964?
2, 62650741
What are the prime factors of 1713738776?
2, 31, 6910237
List the prime factors of 246994280.
2, 5, 13, 349, 1361
List the prime factors of 2521754659.
599, 937, 4493
What are the prime factors of 55710026?
2, 43, 557, 1163
List the prime factors of 2003356006.
2, 1001678003
List the prime factors of 611008300.
2, 5, 7, 587, 1487
What are the prime factors of 460782570?
2, 3, 5, 73, 210403
What are the prime factors of 54797530?
2, 5, 29, 188957
List the prime factors of 3159678036.
2, 3, 19, 13858237
What are the prime factors of 5441390342?
2, 647, 4205093
What are the prime factors of 135722394?
2, 3, 7540133
What are the prime factors of 14045418?
2, 3, 31, 25171
List the prime factors of 115481131.
1063, 108637
What are the prime factors of 2893389914?
2, 29, 97, 514289
List the prime factors of 92422172.
2, 23105543
What are the prime factors of 193420591?
7, 13, 303643
List the prime factors of 5674480814.
2, 211, 337, 39901
List the prime factors of 1320682994.
2, 43, 15356779
What are the prime factors of 198519496?
2, 7, 131, 27061
What are the prime factors of 227275098?
2, 3, 23, 1646921
List the prime factors of 5424281037.
3, 7, 12299957
List the prime factors of 2420547779.
13, 2791, 66713
List the prime factors of 46015001.
46015001
List the prime factors of 58093817.
43, 1351019
What are the prime factors of 134405013?
3, 509, 88019
What are the prime factors of 44497952?
2, 53, 26237
List the prime factors of 659658613.
433, 1193, 1277
What are the prime factors of 30999454?
2, 97, 159791
List the prime factors of 87815298.
2, 3, 971, 15073
What are the prime factors of 35018656?
2, 1094333
List the prime factors of 573711013.
4621, 124153
List the prime factors of 3563604396.
2, 3, 11, 17, 5347
What are the prime factors of 312043582?
2, 31, 5032961
What are the prime factors of 64455990?
2, 3, 5, 2148533
List the prime factors of 2903915961.
3, 107552443
What are the prime factors of 2064734370?
2, 3, 5, 19, 1207447
What are the prime factors of 789490710?
2, 3, 5, 17, 199, 2593
List the prime factors of 3927711090.
2, 3, 5, 130923703
What are the prime factors of 140791986?
2, 3, 1109, 2351
List the prime factors of 190728721.
190728721
List the prime factors of 176939850.
2, 3, 5, 1179599
List the prime factors of 103138305.
3, 5, 941, 7307
List the prime factors of 5517856544.
2, 311, 554447
List the prime factors of 1940329070.
2, 5, 194032907
What are the prime factors of 23386015?
5, 67, 69809
List the prime factors of 487448541.
3, 54160949
What are the prime factors of 755786811?
3, 13, 2143, 9043
What are the prime factors of 20303040?
2, 3, 5, 21149
What are the prime factors of 154636188?
2, 3, 7, 1103, 1669
What are the prime factors of 41398962?
2, 3, 11, 627257
List the prime factors of 487881261.
3, 7, 1109, 6983
List the prime factors of 102055401.
3, 7, 571, 2837
List the prime factors of 1365695707.
149, 2551, 3593
List the prime factors of 3751139122.
2, 193, 9717977
What are the prime factors of 5635891?
17, 331523
List the prime factors of 705445210.
2, 5, 70544521
What are the prime factors of 1957943772?
2, 3, 83, 218423
List the prime factors of 149700565.
5, 7, 4277159
List the prime factors of 2028252026.
2, 1361, 745133
List the prime factors of 954964781.
1031, 926251
What are the prime factors of 208248071?
421, 494651
What are the prime factors of 68363346?
2, 3, 37, 293, 1051
List the prime factors of 554044667.
11, 2459, 20483
List the prime factors of 1636916026.
2, 17, 23, 2093243
List the prime factors of 1920400484.
2, 151, 353, 9007
What are the prime factors of 95142220?
2, 5, 59, 80629
What are the prime factors of 349611515?
5, 11, 6356573
List the prime factors of 2493041752.
2, 199, 829, 1889
List the prime factors of 39565026.
2, 3, 2198057
What are the prime factors of 38433877?
2689, 14293
List the prime factors of 770649608.
2, 673, 143137
List the prime factors of 15197017.
11, 19, 43, 89
List the prime factors of 59333137.
251, 236387
List the prime factors of 1201043873.
41, 79, 523, 709
List the prime factors of 65013154.
2, 373, 87149
What are the prime factors of 146720480?
2, 5, 917003
List the prime factors of 93992137.
93992137
List the prime factors of 2799877483.
13, 733, 293827
List the prime factors of 94852901.
11, 13, 31, 21397
What are the prime factors of 1159784340?
2, 3, 5, 11, 13, 135173
What are the prime factors of 212194349?
31, 887, 7717
What are the prime factors of 856726374?
2, 3, 7, 59, 345733
What are the prime factors of 1121350116?
2, 3, 1873, 49891
List the prime factors of 403924726.
2, 17, 11880139
List the prime factors of 165929183.
7, 127, 186647
List the prime factors of 87367778.
2, 29, 1506341
What are the prime factors of 239127529?
983, 243263
What are the prime factors of 31934041?
17, 19, 98867
List the prime factors of 3354990844.
2, 331, 733, 3457
What are the prime factors of 4288960550?
2, 5, 7, 12254173
List the prime factors of 15308740.
2, 5, 765437
List the prime factors of 109010050.
2, 5, 61, 103, 347
List the prime factors of 42700065.
3, 5, 41, 69431
List the prime factors of 16834573.
7, 17, 241, 587
List the prime factors of 375418073.
181, 487, 4259
List the prime factors of 80501805.
3, 5, 43, 41603
List the prime factors of 3036799024.
2, 7, 27114277
What are the prime factors of 144225150?
2, 3, 5, 509, 1889
What are the prime factors of 135490272?
2, 3, 17, 61, 1361
List the prime factors of 165812914.
2, 2267, 36571
What are the prime factors of 124256106?
2, 3, 13, 71, 277
List the prime factors of 143475452.
2, 53, 676771
What are the prime factors of 4500884098?
2, 1327, 1695887
What are the prime factors of 61376245?
5, 7, 1753607
List the prime factors of 736960820.
2, 5, 37, 839, 1187
What are the prime factors of 884096287?
23, 1061, 36229
What are the prime factors of 441023920?
2, 5, 307, 17957
What are the prime factors of 1132423892?
2, 283105973
List the prime factors of 78609253.
7860